
Suppose -47 - 37 = 6*y. What is the remainder when 79 is divided by 7 - (-2 + 3)*y?
16
Let s be (-252)/(-66) - (-2)/11. Suppose 3*q = -5*x + 920, s*x - 651 = -3*q + 85. What is the remainder when x is divided by 17?
14
Suppose 5*o - 782 - 98 = 0. Suppose o = 3*x - 5*x. Calculate the remainder when 111 is divided by 4/22 - 1656/x.
16
Suppose 11 = -13*j + 141. What is the remainder when 108 is divided by j?
8
Let c(x) = x**3 + x**2 + 185. Let b be c(0). Let p = -179 + b. Calculate the remainder when p is divided by 3.
0
What is the remainder when 646 is divided by (-315)/(-270) + (-65)/(-6)?
10
Suppose 0 = -p - 4*m + 20, 2*p - 11 = 5*m + 16. Calculate the remainder when (-4992)/(-15) + (4 - 588/210) is divided by p.
14
Suppose 2*v - 24 = -4. Suppose -4*u + 3*h - 4*h - 771 = 0, 582 = -3*u - 2*h. Calculate the remainder when (-12)/(-20) - u/5 is divided by v.
9
Suppose 4*p + 22 = 2*k, 17*k - p = 18*k - 11. Suppose l + 1 = 4. Suppose -3*o = -5*m + 45, l*m - 5*m - 8 = 4*o. What is the remainder when k is divided by m?
5
Let c be (-2)/3*(-36)/(-8) - -693. Let a = 747 - c. What is the remainder when 204 is divided by a?
33
Let z = 239 + -237. Suppose h - 15 = p - 6, 5*p + 30 = 2*h. Suppose h*d + z*d = 406. Calculate the remainder when d is divided by 20.
18
Suppose 0 = -4*y - 2*o + 18, 3*o - 21 = -5*y - 0*o. Let t be (15/2)/((90/384)/5). Suppose 5*i = -75 + t. What is the remainder when i is divided by y?
5
Let b(c) = -3*c**2 + 75*c + 156. What is the remainder when b(0) is divided by 33?
24
Suppose 0 = 5*a - 4*r - 57, -349*r + 352*r - 6 = 0. What is the remainder when 4390 is divided by a?
9
What is the remainder when 1463/(-66) + 22 + 3607/6 + 0 is divided by 159?
124
Let w = 169 + -169. What is the remainder when 5*2/5 - (w + -8) is divided by 4?
2
Suppose -3*i + 4*i - 4 = 0. Let h(t) = 457*t + 26560. Calculate the remainder when h(-58) is divided by i.
2
Let j(r) = -r**2 - 27*r - 84. Let c be j(-22). Let v be (-340)/(-9) + 4/18. Let a = v - c. What is the remainder when 71 is divided by a?
11
Let o(u) = u**2 + 19*u + 25. Let n be o(-18). Suppose -25*j + 2272 = n*j. Calculate the remainder when j is divided by (2/4)/((-2)/(-72)).
17
Let w(l) = 39*l**2 - 172*l + 1392. What is the remainder when w(7) is divided by 100?
99
Let t(n) = 10*n - 16. Let m = 97 - 94. Suppose 4*x - 4*q + q = 13, -5*x + 18 = -2*q. Calculate the remainder when t(m) is divided by x.
2
Suppose 0 = 5*c - 3*g - 92, -80 = -4*c - 2*g - 2. Suppose -c*k = 4*k - 1104. Calculate the remainder when 190 is divided by k.
46
Let a = 47 + -51. What is the remainder when 53 is divided by a + 3 + (0 - -15*1)?
11
What is the remainder when 169/1014 + (0 - (-1013)/6) is divided by 29?
24
Suppose -2*m - 3*n + 1321 = 597, -1072 = -3*m - n. What is the remainder when m is divided by 18?
14
Let m(i) = i**3 + i**2 - i + 4. Let q be m(0). Let u(t) = 21 - 3*t + q*t + 3. Calculate the remainder when 141 is divided by u(0).
21
Let u = -55 + 58. Suppose 3*b + u*f - 24 = -0*b, 26 = 4*b + 2*f. Suppose j = -3*j + 76. What is the remainder when j is divided by b?
4
Let w = 232 - 228. Suppose -w*r + 1 = -5*o + 6, 3*r = 3*o. Calculate the remainder when 121 is divided by r.
1
Suppose -13219 - 14732 = -33*t. What is the remainder when t is divided by 171?
163
Let d be 1/((-6)/2241) - 4/8. What is the remainder when (d - -33)*(-2 - -1) is divided by 18?
17
Suppose -2*u = -3*p + 28 + 1784, -p + 591 = -5*u. Calculate the remainder when p is divided by 196.
18
Let l be -1*(5 + -1) + (-1 - -5). Suppose l = -36*m + 39*m + 18. Let c = 53 - m. Calculate the remainder when 174 is divided by c.
56
Suppose -4*a - 45 = -89. Suppose a*u - 314 + 72 = 0. Calculate the remainder when 58 is divided by u.
14
Suppose 44 = n - h + 269, 0 = -4*n + 3*h - 902. Let c = n - -297. What is the remainder when c is divided by 18?
16
Suppose l + 7*v = 8*v + 4727, l = -5*v + 4715. What is the remainder when l is divided by 34?
33
Suppose 39*c - 36*c = -2*j + 1167, 3*j - 6*c = 1698. What is the remainder when j is divided by 177?
45
Suppose 894 + 231 = 5*i. Suppose h = u + 3*u + 48, -5*h = -5*u - i. Calculate the remainder when 172 is divided by h.
40
Let w = 74 + -58. Suppose -w*j + 1134 = 206. Calculate the remainder when j is divided by 32.
26
Suppose 17*p + 102 = 23*p. Let t = 159 + p. Suppose 0 = 15*f - t + 26. What is the remainder when 22 is divided by f?
2
Let z(b) = 4*b**2 + 14*b + 15. What is the remainder when 480 is divided by z(4)?
75
What is the remainder when 134 is divided by 22/(2464/1328)*3/((-12)/(-28))?
51
Let q(u) = u**3 - u**2 - 6*u + 6. What is the remainder when q(5) is divided by (-21 - 1)/(17 + -19)?
10
Let i(s) = s**3 - 2*s**2 + s + 3. Let n be -1*2/2 + (-4 - -7). Let a be i(n). Calculate the remainder when (a*268/20)/((-2)/(-4)) is divided by 34.
32
Suppose -18 = -9*h - 0*h, -130 = -2*o - 5*h. What is the remainder when 590 is divided by o?
50
Suppose 0 = -23*x + 1502 + 982. What is the remainder when 423 is divided by x?
99
Let n be (235 - 0) + -1 + 0. Let z = 584 - n. Suppose 4*q - 442 = z. Calculate the remainder when q is divided by 50.
48
Calculate the remainder when 1669 is divided by 2682/16 - ((-83)/8 - -10).
157
Let s(i) = -i**2 - 7*i - 1. Let l be s(-8). Calculate the remainder when 78/l*-3 + -4 is divided by 10.
2
Suppose 270 - 29 = 4*u + k, 4*u - 5*k = 211. Let l = 1124 - 594. What is the remainder when l is divided by u?
58
Suppose 3*f = -14 - 1, 5*f + 217 = -3*m. Let d(y) = -y**3 + 11*y**2 + 12*y + 10. What is the remainder when (m/(-20) - (-1)/(-5)) + 24 is divided by d(12)?
7
Let n be -4 - (-10 - -4 - (-2)/(-2)). Suppose -4*t - 78 = -3*m, 2*m + 16 - 68 = n*t. What is the remainder when m is divided by 5?
1
Let c = -97 - -102. Suppose 0 = -0*r + c*r - 95. Calculate the remainder when 417 is divided by r.
18
Let j(b) = -33910*b + 43. Let n = 19 - -5. Calculate the remainder when j(0) is divided by n.
19
Let s = -6974 + 8527. Calculate the remainder when s is divided by 156.
149
Let k = 4568 - 4550. Calculate the remainder when 26062 is divided by k.
16
Suppose 253*s - 250*s - 312 = 0. Suppose 8*n - s = 120. What is the remainder when 103 is divided by n?
19
Let s(d) = 108*d + 1130. Calculate the remainder when 248 is divided by s(-10).
48
Suppose -16*m = -4*m. Suppose -745 = 2*h - 7*h. Suppose m = 3*c - 94 - h. What is the remainder when c is divided by 21?
18
Suppose 185*p + 186850 = 555*p. Calculate the remainder when p is divided by 159.
28
Suppose p - 8456 = 5*d - 2*p, -4*d - 6770 = -5*p. What is the remainder when d/240*-3 - 2/16 is divided by 8?
5
Let g = -593 - -722. What is the remainder when 399 is divided by g?
12
Let a(b) = -b**2 - b + 154. Let v be a(0). Suppose -v = -13*w - 50. What is the remainder when 34 is divided by w?
2
Let i = -984 - 116. Calculate the remainder when 369 is divided by ((-10)/(-3))/5 + i/(-15).
73
Let u(l) = -43*l + 687. Calculate the remainder when u(8) is divided by 37.
10
Suppose 3*g + 4*c + 614 = 0, -4*g + 3*c - 1012 = -185. Let s = g - -231. What is the remainder when s is divided by 13?
12
Suppose 3*v + 2*t = -1224 - 524, 5*v - t = -2896. Let z = v - -605. What is the remainder when 45 is divided by z?
20
Let q(d) = 1107 - 2*d + d - d**3 + 5*d**2 - 1085. What is the remainder when 753/12 + 1/4 is divided by q(0)?
19
Suppose -88 = -6*k + 98. Calculate the remainder when (1 + 0/(-1))/(1/83) is divided by k.
21
Let u = 3234 + -2666. Calculate the remainder when u is divided by 82.
76
Let p(n) = 3*n**2 - 99*n - 111. Calculate the remainder when p(44) is divided by 71.
63
Suppose 4*j - 140 = 16. Suppose 0 = -3*n + 10*n. Calculate the remainder when j is divided by (-2 + n)/((-14)/147).
18
Let y = -131039 + 131221. Let l(s) = -s**3 + 3*s**2 + s - 3. Calculate the remainder when y is divided by l(-3).
38
Let l = 176 - 174. Suppose -l*k - 4*i + 112 = -2*i, -3*k + 2*i = -148. What is the remainder when k is divided by 5?
2
Let z(y) = 5*y - 45. Let a be z(15). Let g = -28 + a. Suppose g*w - 145 = 119. Calculate the remainder when w is divided by 45.
42
Let p = 116 + -90. Suppose 0 = -2*h - 5*f + p, 3 = 2*f - 5. Suppose 4*l - 45 = -h*z, 2*l - 40 = -0*l + 2*z. What is the remainder when l is divided by 4?
3
Suppose -46*n + 905 = -51*n. Let r = n + 207. Calculate the 